050872 is divided by 64.
56
Calculate the remainder when 35888284 is divided by 1560360.
4
What is the remainder when 197536 is divided by 9876?
16
What is the remainder when 2989078 is divided by 759?
136
Calculate the remainder when 24235799 is divided by 120.
119
Calculate the remainder when 390204 is divided by 390144.
60
What is the remainder when 13515336 is divided by 254?
250
What is the remainder when 124119 is divided by 9534?
177
Calculate the remainder when 711548 is divided by 1939.
1874
Calculate the remainder when 11490 is divided by 10963.
527
Calculate the remainder when 27676 is divided by 242.
88
What is the remainder when 21764788 is divided by 1360296?
52
What is the remainder when 77139258 is divided by 2298?
2292
Calculate the remainder when 351963 is divided by 1564.
63
Calculate the remainder when 9270 is divided by 1252.
506
Calculate the remainder when 35813 is divided by 304.
245
Calculate the remainder when 2475298 is divided by 121.
1
Calculate the remainder when 119064643 is divided by 2089.
2088
What is the remainder when 8556696 is divided by 56294?
8
Calculate the remainder when 155742111 is divided by 1034.
1031
What is the remainder when 109343651 is divided by 24?
11
Calculate the remainder when 64040943 is divided by 149.
147
What is the remainder when 932414 is divided by 8256?
7742
What is the remainder when 32154 is divided by 4845?
3084
What is the remainder when 15731514 is divided by 21?
15
What is the remainder when 805364 is divided by 2065?
14
Calculate the remainder when 222067 is divided by 4443.
4360
What is the remainder when 51618441 is divided by 12904610?
1
Calculate the remainder when 6406549 is divided by 50.
49
What is the remainder when 1636538 is divided by 118?
114
Calculate the remainder when 93433 is divided by 46330.
773
Calculate the remainder when 8027003 is divided by 200.
3
What is the remainder when 5500764 is divided by 201?
198
What is the remainder when 2403992 is divided by 600968?
120
What is the remainder when 365539853 is divided by 7414?
7411
What is the remainder when 1860587 is divided by 280?
267
Calculate the remainder when 301012 is divided by 2382.
880
What is the remainder when 3632548 is divided by 20?
8
Calculate the remainder when 805615 is divided by 1093.
74
What is the remainder when 12169507 is divided by 88?
75
Calculate the remainder when 88913205 is divided by 2442.
2427
What is the remainder when 5778494 is divided by 158?
118
What is the remainder when 250144 is divided by 2968?
832
Calculate the remainder when 333895 is divided by 333.
229
Calculate the remainder when 184625 is divided by 61532.
29
Calculate the remainder when 1047651 is divided by 40223.
1853
What is the remainder when 81333 is divided by 701?
17
What is the remainder when 65328647 is divided by 416106?
5
Calculate the remainder when 66295189 is divided by 22098379.
52
What is the remainder when 91200571 is divided by 3492?
7
Calculate the remainder when 1915386 is divided by 6965.
11
Calculate the remainder when 78661 is divided by 78561.
100
Calculate the remainder when 2536260 is divided by 85.
30
What is the remainder when 3276523 is divided by 568?
299
What is the remainder when 299731 is divided by 19980?
31
What is the remainder when 4847563 is divided by 68?
47
Calculate the remainder when 135614 is divided by 33882.
86
What is the remainder when 233783820 is divided by 273?
270
What is the remainder when 52445 is divided by 432?
173
What is the remainder when 10483487 is divided by 486?
467
Calculate the remainder when 328228 is divided by 49.
26
What is the remainder when 99303 is divided by 24824?
7
What is the remainder when 528344 is divided by 6964?
6044
What is the remainder when 161423 is divided by 712?
511
Calculate the remainder when 1254275 is divided by 162.
71
What is the remainder when 172537 is divided by 34506?
7
Calculate the remainder when 8908708 is divided by 1781714.
138
Calculate the remainder when 44620297 is divided by 15.
7
What is the remainder when 292331 is divided by 48719?
17
Calculate the remainder when 12350 is divided by 6055.
240
Calculate the remainder when 2270844 is divided by 1466.
10
Calculate the remainder when 583921 is divided by 370.
61
Calculate the remainder when 149209 is divided by 1390.
479
What is the remainder when 193809 is divided by 7175?
84
What is the remainder when 225800 is divided by 1481?
688
Calculate the remainder when 12475 is divided by 1538.
171
Calculate the remainder when 80645 is divided by 515.
305
What is the remainder when 25724 is divided by 25679?
45
What is the remainder when 550805 is divided by 78680?
45
Calculate the remainder when 149545 is divided by 16599.
154
Calculate the remainder when 321465 is divided by 1837.
1827
What is the remainder when 50895319 is divided by 14?
13
What is the remainder when 831931 is divided by 1006?
975
Calculate the remainder when 3007076 is divided by 935.
116
Calculate the remainder when 1428927 is divided by 1756.
1299
What is the remainder when 190402 is divided by 492?
490
Calculate the remainder when 949433 is divided by 86272.
441
What is the remainder when 209254 is divided by 5114?
4694
What is the remainder when 58327 is divided by 49364?
8963
Calculate the remainder when 200029659 is divided by 189.
186
What is the remainder when 519923 is divided by 103960?
123
Calculate the remainder when 3122473 is divided by 1561231.
11
Calculate the remainder when 246813 is divided by 134.
119
What is the remainder when 170804414 is divided by 71?
69
Calculate the remainder when 2076438 is divided by 259549.
46
What is the remainder when 10422559 is divided by 3624?
3559
Calculate the remainder when 23243175 is divided by 153.
27
Calculate the remainder when 94231632 is divided by 47115810.
12
What is the remainder when 3938479 is divided by 44?
39
Calculate the remainder when 9950822 is divided by 27.
26
What is the remainder when 51406 is divided by 12435?
1666
What is the remainder when 36455102 is divided by 26629?
1
What is the remainder when 200521 is divided by 581?
76
What is the remainder when 362562 is divided by 1735?
1682
What is the remainder when 328718787 is divided by 18?
15
Calculate the remainder when 19115 is divided by 17047.
2068
What is the remainder when 58529391 is divided by 212063?
3
Calculate the remainder when 77625 is divided by 77429.
196
Calculate the remainder when 24570 is divided by 23991.
579
Calculate the remainder when 18110947 is divided by 72.
67
Calculate the remainder when 396768 is divided by 807.
531
Calculate the remainder when 8920306 is divided by 1198.
1196
What is the remainder when 1050875 is divided by 71?
4
Calculate the remainder when 461677 is divided by 234.
229
What is the remainder when 14935 is divided by 551?
58
Calculate the remainder when 1409978 is divided by 798.
710
What is the remainder when 12066719 is divided by 6033341?
37
Calculate the remainder when 797132 is divided by 1588.
1544
Calculate the remainder when 197332 is divided by 583.
278
Calculate the remainder when 1426668 is divided by 237777.
6
What is the remainder when 11472160 is divided by 52146?
40
Calculate the remainder when 146584 is divided by 36499.
588
What is the remainder when 20268022 is divided by 21?
19
What is the remainder when 61155 is divided by 20143?
726
What is the remainder when 12382000 is divided by 97496?
8
What is the remainder when 2068012 is divided by 1403?
1393
What is the remainder when 1522694 is divided by 50755?
44
Calculate the remainder when 1308497 is divided by 749.
743
What is the remainder when 36831313 is divided by 219234?
1
Calculate the remainder when 92978504 is divided by 40673.
26
Calculate the remainder when 3093061 is divided by 110462.
125
What is the remainder when 140644285 is divided by 63?
61
What is the remainder when 2154933 is divided by 1778?
1775
Calculate the remainder when 7245272 is divided by 77.
34
What is the remainder when 6354882 is divided by 1059125?
132
What is the remainder when 46897599 is divided by 50?
49
What is the remainder when 29713 is divided by 2623?
860
What is the remainder when 98776547 is divided by 83?
73
Calculate the remainder when 3775823 is divided 